7*u + 1520 = -5*u + r. List the prime factors of u.
761
Suppose 3*a = 4 - 1. Suppose -o = -a - 16. Let c = o + -7. What are the prime factors of c?
2, 5
Let n = -282 + 325. What are the prime factors of n?
43
Let y = 2668 - 1371. List the prime factors of y.
1297
Let h = -1373 - -4158. What are the prime factors of h?
5, 557
Let c(x) = x**2 - 17*x + 34. Let g be c(15). Suppose s = -g*m + 148, -5*s - 3 = -m + 34. What are the prime factors of m?
37
Suppose -140 = b - 6*b. Suppose 4*h = 4*g + b, -3*h - g + 31 = -6*g. Suppose 0 = -h*f - 8 + 32. What are the prime factors of f?
2, 3
Let i(v) = v**3 - 4*v**2 + 4*v + 9. Let z = 7 - 2. List the prime factors of i(z).
2, 3
Let w(q) = 130*q**2 + 8. List the prime factors of w(-4).
2, 3, 29
Let c be -48*(1 - -2)/(-3). Suppose 0 = 4*v + k - c, -v - 12 = -2*v + 5*k. List the prime factors of 1002/36 - (-2)/v.
2, 7
Let o(y) = -1. Let p(z) = 15*z - 8. Let t(m) = -6*o(m) + p(m). List the prime factors of t(4).
2, 29
Suppose 2*i + 1605 = 5*s, 3*s - 294 = -2*i + 653. What are the prime factors of s?
11, 29
Suppose 3*y - 13 = -1. Suppose 0 = -4*g - 2*h + 42 - 4, -y*g + 3*h = -33. Let i(v) = -v**3 + 9*v**2 + 3*v - 6. List the prime factors of i(g).
3, 7
Let x = -7 - 25. Let l = 101 + x. What are the prime factors of l?
3, 23
Suppose -4*b + 11*b = -7. What are the prime factors of 950/8 + b - (-22)/88?
2, 59
Suppose -4*w = -4, w = 5*c - 0*w - 2849. Suppose 5*u - 4*d = 645, 4*u + 5*d + 54 = c. List the prime factors of u.
3, 43
Suppose 10 = -5*r - 4*c, 0 = -c - 4 - 1. Suppose -4*l = r*q - 140 - 134, 0 = 5*q - 5. List the prime factors of l.
2, 17
Let p = -231 + 392. List the prime factors of p.
7, 23
Let g = 1190 + -476. What are the prime factors of g?
2, 3, 7, 17
Suppose -2*k + 3*f - 5647 = 0, -2*f - 2751 = -4*k - 14057. List the prime factors of (-8)/60 + k/(-60).
47
What are the prime factors of (-15390)/(-665) + 12/14 + -1?
23
Let l(d) = 6*d - 32. Let i be 6/((-3 - 1)/(-3 - 1)). What are the prime factors of l(i)?
2
Suppose -j + 16 + 9 = -5*x, -4*j + 5 = -x. What are the prime factors of (j + -3)*1 + 77?
2, 37
Suppose -25 = -7*w + 2*w. Let i = 29 + w. What are the prime factors of i?
2, 17
Let x = -352 + 3540. What are the prime factors of x?
2, 797
Suppose -4*n = -4*c - 5412, 7549 = 4*n - 3*c + 2132. List the prime factors of n.
2, 7, 97
Suppose 5 = 3*b - 7. Let t be (-148)/(-3)*48/32. Suppose 2*a + t = b*a. List the prime factors of a.
37
Let q(j) = -2*j + 1. Let z be q(-1). Suppose c - 302 = -z*t, 0*c + 3*c = t - 84. List the prime factors of t.
3, 11
Let a(t) = 17*t**2 + 18*t + 10. List the prime factors of a(6).
2, 5, 73
Let m = -10 + 13. Suppose 5*z = -4*d + 23, -m*d - z - 6 = -5*z. Suppose -d*c + 80 = 2*c. What are the prime factors of c?
2, 5
Let j(m) = 8*m + 12. Let r be j(10). Suppose -o + r = -63. List the prime factors of o.
5, 31
List the prime factors of (1101/(-9))/(3/54*-3).
2, 367
Suppose 2*g = -2*g - 12, -4*d = -3*g - 9. Let j = 34 - d. What are the prime factors of j?
2, 17
Let s(f) = -f + 1. Let t(m) = -12*m + 15. Let q(h) = -5*s(h) + t(h). Let u be -4*2/2 - 2. What are the prime factors of q(u)?
2, 13
Suppose 5*g - 58 + 1169 = -4*r, 3*g - 2*r + 671 = 0. Let k = g + 354. What are the prime factors of k?
131
Suppose -4*g + 5*a + 5469 = -2144, 5*g - 9541 = -2*a. List the prime factors of g.
1907
Let n be ((-10)/8)/((-1)/(-12)). Let w be (-110)/(-6) - (-5)/n. List the prime factors of -1*(3 - 5 - w).
2, 5
Let b(h) = -35*h - 113. List the prime factors of b(-15).
2, 103
Suppose -4 = -3*y - 1, 4*u + 3*y - 3 = 0. Let f = 3 - u. Suppose 19 = -2*n - 5*a, f*n - 4*n - 4*a = 17. List the prime factors of n.
3
Suppose 9*m - 4*m + 30 = 0. Let h be 2/(-4)*1*m. Let y(g) = 6*g + 4. List the prime factors of y(h).
2, 11
Let a = 156 - 84. Let b = a + -39. What are the prime factors of b?
3, 11
List the prime factors of (-19 - -21) + (1 - -2543 - 2).
2, 3, 53
Let t(r) = -r**3 + 5*r**2 - r - 3. Suppose -5*y + 6 = -6*y + 4*j, -3*y + 3*j = 0. List the prime factors of t(y).
7
Let b(g) = g**3 - 2*g**2 + 4*g - 2. Let v be b(2). Suppose -5*n + d - 10 = 0, 0 = 3*n + v*d - 2*d - 17. What are the prime factors of (17/2)/(n/(-2))?
17
Let y = 27 - 27. Let s(l) = -2*l + 98. List the prime factors of s(y).
2, 7
Let a(h) = -h**3 + 4*h**2 + 5*h. Let j = -12 + 17. Let p be a(j). Suppose p*c - 5*g - 38 = -3*c, 0 = 5*c + 5*g - 10. List the prime factors of c.
2, 3
Suppose 380 = 5*o + 5*t, -5*o - t + 520 - 144 = 0. What are the prime factors of o?
3, 5
What are the prime factors of (-1016)/(-6)*(-177)/(-118)?
2, 127
Let j be -34*1 + (3 - 1). Let u = 135 + -180. Let i = j - u. List the prime factors of i.
13
Let c = 420 + -291. Let q = -70 + c. What are the prime factors of q?
59
Let o be 7/(-3)*15/(-5). Let j = o + 71. What are the prime factors of j?
2, 3, 13
Let m = 22 - 13. Let v = m - -2. Let b(a) = a**3 - 11*a**2 + 2*a - 5. List the prime factors of b(v).
17
Let g(l) = -3*l**3 - 14*l**2 - 17*l + 58. List the prime factors of g(-14).
2, 3, 241
Let f(k) = 2*k**3 - 5*k**2 + 8*k - 11. Let g be f(5). Let o = g + -64. What are the prime factors of o?
2, 3, 5
Let b = -358 + 799. What are the prime factors of b?
3, 7
Let d(z) = z**3 - 6*z**2 + 5*z + 5. Let b be d(3). Let h be (2 + 7)/((-3)/4). Let g = b - h. List the prime factors of g.
5
Let k = -110 - -110. Suppose 0 = -t - q + 246, 5*t - 1228 = -3*q - k*q. List the prime factors of t.
5, 7
Let f(a) = a**3 - 9*a**2 - 13*a - 2. Let o = -37 + 48. List the prime factors of f(o).
97
Let t be 1462/18 - (-4)/(-18). Suppose -4*m = -m + t. Let n = m + 47. List the prime factors of n.
2, 5
Let p = -86 - -144. Let s = -49 + p. What are the prime factors of s?
3
Suppose 3*r = -3*y + 1617, -2*r - 2*r - y = -2147. Let a = -346 + r. List the prime factors of a.
2, 5, 19
Suppose 6*l + 2254 = 29*l. List the prime factors of l.
2, 7
Suppose -18 = -0*h - 3*h. Let x(l) = l**2 - 7*l + 9. Let n be x(h). Suppose 0 = 4*p - 3*y - 40, n*p + 2*y - 45 = -15. What are the prime factors of p?
2, 5
Let f = -998 + 1485. List the prime factors of f.
487
Suppose 39*b - 46*b = -6657. What are the prime factors of b?
3, 317
Suppose 2*k + 3*c + 111 = 0, -139 = 3*k - 3*c + 2*c. List the prime factors of (143/2)/(4*(-6)/k).
11, 13
Let q = 2376 + -399. What are the prime factors of q?
3, 659
Suppose 4*g = 3*l + l - 20, -4*g + 10 = l. Let k(h) = -h**3 + 11*h**2 - h - 17. List the prime factors of k(l).
157
What are the prime factors of 8 + -19 - 1*-4232?
3, 7, 67
Let j(r) = -r**3 + 10*r**2 + 3. Let a be j(10). Suppose -a*s = -0*s - 33. List the prime factors of s.
11
Let g(p) = -12*p - 17. Let a be g(-8). Let m = a + -32. List the prime factors of m.
47
Let s = -4 - -8. Let t(m) = m**3 - 3*m**2 - 4*m + 5. Let g be t(s). Suppose a - 33 = -g*n, -3*a + 114 = -3*n - 57. List the prime factors of a.
53
Let v be 330/(-27) - (-4)/18. Let o = v - -11. Let b = 13 - o. What are the prime factors of b?
2, 7
Let w be (20 - -2)*(-2)/4. Let k(f) = -f - 2*f + 2*f - 3 - 2. What are the prime factors of k(w)?
2, 3
Suppose 4*f + 3*a = 157, 144 = 3*f - 2*a - a. Suppose 2*g - 159 = f. List the prime factors of g.
101
Let u(m) be the second derivative of m**7/1260 + m**6/180 - m**5/60 + 2*m**4/3 + 8*m. Let k(n) be the third derivative of u(n). List the prime factors of k(5).
2, 17
What are the prime factors of (-30723)/(-9) + (-42)/63 - -4?
3, 17, 67
Suppose -2*v + 1071 = -207. What are the prime factors of v?
3, 71
Let g(q) be the first derivative of -q**2 + 2. Let f be 10/(-35) - (-108)/(-14). What are the prime factors of g(f)?
2
Let c = 10 + 50. Let s(f) = f**3 + 3*f**2 - 5*f + 3. Let o be s(-4). Suppose -2*b - c = -o*b. What are the prime factors of b?
2, 3
Let p be -2 + 10 - 4/2. Let k be (-2)/p*-6 - 2. Suppose -4*o + 5*g = -k*g - 49, o - 2*g - 10 = 0. List the prime factors of o.
2
What are the prime factors of (-19496)/((-20)/5) - 12?
2, 11, 13, 17
Let z = -2106 + 3464. List the prime factors of z.
2, 7, 97
Suppose 7*p - 5*p + 28 = 4*m, -4*p = -4*m + 20. List the prime factors of m.
3
Suppose 4399 = 18*l - 2351. What are the prime factors of l?
3, 5
List the prime factors of (18/6 - 0) + 333 + -1.
5, 67
Let u(k) = 67*k + 58. List the prime factors of u(12).
2, 431
Let d = 2 + 2. Let q(h) = -h + d + h - 3 + 4*h. What are the 